5*k + 87 = 0, 67 = -2*f + 4*k + 199. What is the highest common factor of 140 and f?
4
Let c = 14 + -22. Let b be -6*4/c + 101. What is the highest common divisor of b and 26?
26
Suppose 60*z = 39*z + 748629. Calculate the greatest common factor of z and 153.
153
Suppose -107*m + 33882 = -144. Calculate the highest common factor of m and 1696.
106
Let g = -7407 - -7568. Calculate the highest common divisor of g and 14.
7
Let s(p) = 81*p - 2632. Let b be s(73). What is the highest common divisor of 17 and b?
17
Let v = 286 + -284. Suppose 11*f - v = 20. Let r(w) = -w**2 + 5*w - 2. Let h be r(3). What is the highest common factor of f and h?
2
Let j be 1/1 - (0 - -24)/8. Let d be ((-900)/10)/(j + 0). What is the highest common divisor of d and 495?
45
Let g(b) = -b**2 + 2*b - 17. Let j be g(-5). Let z = 51 + j. Let r be ((-24)/(-28))/(z/(-28)*4). Calculate the greatest common factor of 48 and r.
6
Suppose -5*u - 2560 + 2670 = 0. What is the greatest common factor of 704 and u?
22
Suppose 0 = 5*d + 3*w - 27555, -2*d = -37*w + 42*w - 11022. Calculate the highest common factor of d and 33.
33
Let q(x) = -x**3 + 10*x**2 - 8*x + 7. Let m be q(9). Let b = 275 + -263. Suppose -3*w = 3*w - b. Calculate the highest common divisor of w and m.
2
Let n be 172/7 - (960/210 - 4). What is the highest common divisor of n and 4812?
12
Let w be ((-25)/(-15) - 2)*-60. Let l be 2/1 - (10 - w). Let z be (16 - l)/(1/((-15)/(-2))). Calculate the greatest common divisor of z and 75.
15
Suppose -4*p - p = 4*o - 144788, 5*p = -2*o + 144774. What is the highest common factor of 47 and p?
47
Suppose 25*v = -16*v + 13940. What is the highest common factor of 6970 and v?
170
Let c be 261/4 + 24/32. Let p = -1086 - -1130. What is the highest common divisor of p and c?
22
Suppose -4*y - 2*i = i - 48, 3*y = 5*i + 36. Let d = y - 2. Let u = 121 + -71. Calculate the highest common factor of u and d.
10
Let j be 21804/690 - (-1)/(-5)*-2. Suppose -q + j = 4*t + 3, 3*q = -4*t + 39. What is the highest common factor of 16 and t?
2
Suppose -4*r - 267 + 514 = 5*v, 0 = -v + 4*r + 59. Let n = -406 - -202. Let i be (18/(-4))/(2/n). Calculate the greatest common factor of i and v.
51
Let y be (-48)/10*(-14 - 64/(-6)). What is the greatest common divisor of y and 5552?
16
Let h = 847 + -781. Calculate the highest common factor of h and 110.
22
Suppose 3*i + 4 = 2*g - 17, -5*g - i + 10 = 0. Let d be (-15 + g)*58/8*-1. Calculate the greatest common factor of 957 and d.
87
Let r be (-1 + -7)*(68250/(-56))/65. What is the greatest common divisor of 9075 and r?
75
Let i be 1/13 + (16 - (-4305)/(-195)) - -60. Calculate the greatest common factor of i and 2022.
6
Let i(g) = -g**3 - 5*g**2 + 9*g. Let o be i(-7). Suppose 5*m - o = 145. Calculate the highest common factor of m and 9.
9
Let x(w) = 9*w**3 - 2*w**2 - 1 - w + 0*w**3 - w**3 + 0*w**3. Let b be x(-1). Let d be (8/(-16))/((b/168)/5). What is the highest common factor of 42 and d?
42
Let o = 389 - 285. Let d = o - 94. What is the highest common factor of d and 270?
10
Let j(p) = p + 98. Let f be j(19). Suppose f = s - 312. Calculate the highest common factor of s and 33.
33
Suppose x - 14 + 27 = 0. Let g = 44 - x. Calculate the greatest common factor of g and 95.
19
Let v = 49 + -44. Suppose 5*n + 2*x = v, 3*n + 0*x - 2*x - 19 = 0. Let g be (32/10)/((15/25)/n). Calculate the greatest common divisor of g and 144.
16
Suppose -27*k + 28*k = 2. Suppose -k*i - 7*i = -90. Calculate the highest common factor of 5 and i.
5
Let o be 3*((3 + -1 - 6) + 40). Suppose 144 = -14*k + 16*k. What is the highest common factor of o and k?
36
Suppose -4445 = -4*k + 7*k - 8*k. What is the greatest common factor of 14 and k?
7
Suppose -4*q + 30 + 14 = 0. Suppose 4*d - q*d + 476 = 0. Let s(m) = -m**3 + 6*m**2 + 9*m + 3. Let j be s(7). Calculate the greatest common divisor of j and d.
17
Let o be 1/((-1)/(-52)) + (9 + 23)/(-16). What is the greatest common factor of 925 and o?
25
Suppose 0 = -30*s + 75 + 285. Suppose -s*x + 8*x = 3*f - 375, 3*x + f = 285. Calculate the highest common divisor of 288 and x.
96
Let d(v) = 35*v**2 - v + 2. Let c be d(1). Let a be 7 + -1 - c/(-9). Let z be ((-240)/(-56))/((-1)/(-7)). What is the greatest common divisor of a and z?
10
Suppose 0 = n + 1, -42 = -5*s - 5*n + 8. Let g be (((-1056)/(-18))/s)/((-8)/(-36)). What is the highest common divisor of g and 72?
24
Suppose 38*w - 36*w = -3*p + 656, -2*p + 328 = w. Let l = -48 - -171. What is the greatest common factor of l and w?
41
Suppose 21*o = 8*o - 37787 + 225221. What is the greatest common divisor of o and 162?
162
Let l = 532 + 21374. What is the highest common divisor of 9 and l?
9
Let a = 110 - -234. Let b = -11 + 100. Let m = b - 46. What is the greatest common divisor of a and m?
43
Suppose 110*b = 105*b + 1750. Let n = 718 - b. Calculate the greatest common factor of 16 and n.
16
Let t(k) = -k**3 + 41*k**2 + 21*k + 36. Let h be t(41). Suppose -4*d = -671 - h. What is the highest common factor of 4 and d?
4
Let b be (-2)/(-19) + 249156/1539. Calculate the highest common factor of 9882 and b.
162
Let x(a) = 32*a**3 - 7*a**2 + 11*a - 109. Let y be x(6). What is the highest common factor of y and 52?
13
Let c(k) = 3*k**2 - 2*k + 1. Let o be c(0). Suppose -o = 7*d - 8*d. Let u be -4*1 + d + 238/17. Calculate the highest common factor of u and 33.
11
Let t(o) = -o**2 - 42*o - 415. Let y be t(-23). What is the greatest common divisor of 4741 and y?
11
Suppose -20 = 2*z - 30. Suppose -z*g + 2*g + 4*b = -44, -g + 16 = -2*b. Calculate the greatest common factor of g and 36.
12
Let k = -272 - -337. Suppose -2*f - k = -103. Let g = 89 + -13. What is the highest common factor of g and f?
19
Let o be (-56)/(-9) - (-187 - -193) - (-55155)/27. Calculate the greatest common factor of 9 and o.
9
Suppose 15 = -3*n - 39. Let g be 4/(-7)*(1 + n/4). What is the highest common divisor of 2 and g?
2
Let k(o) = 39*o**2 - 46*o - 1426. Let p be k(-23). What is the greatest common factor of p and 23?
23
Let y(f) = 104*f + 3. Let s be y(3). Let x(i) = 344*i + 9997. Let u be x(-29). Calculate the greatest common factor of u and s.
21
Let h(m) = 7*m**2 - 24*m. Let a(i) = -6*i**2 + 23*i - 3. Let q(t) = 5*a(t) + 4*h(t). Let x be q(7). What is the highest common factor of x and 70?
10
Let m(b) = -14 + 2 - 53*b**3 + 52*b**3 - b**2. Let s be m(-3). Let u be (-4264)/(-65) - 2/(-5). What is the highest common factor of u and s?
6
Let p be (52/(-12) + 5)*(3 + (-1713)/(-1)). Calculate the greatest common factor of p and 416.
104
Suppose -2*p = -5*p. Suppose n + g - 5*g = 48, p = g + 2. Let f(r) = -3*r**2 - 116*r + 49. Let k be f(-39). Calculate the greatest common divisor of k and n.
10
Suppose 0 = 2*n + 3*l - 10762, -3*n + 16156 = 15*l - 17*l. What is the greatest common divisor of n and 4?
4
Let f be -16 + 24 + (718 - (-2)/1). Calculate the greatest common factor of f and 56.
56
Suppose 2*j = 4*f - 166, 6 = -j + 1. Suppose -s + 2*x + f = 0, 4*x - 2 = -10. What is the highest common divisor of 14 and s?
7
Suppose -619*v - 3360 = -631*v. What is the greatest common factor of v and 14?
14
Suppose -7*m + 36*m = 87. Let c be m*-1 - (-2 + -4 + -39). What is the highest common factor of 126 and c?
42
Suppose 862 + 1602 = 14*c. Let p be (0 + 2)*2/(-2). Let o be 3/p*88/(-6). What is the greatest common divisor of c and o?
22
Let d = -11048 - -11349. What is the greatest common factor of 29197 and d?
301
Suppose 224*h + 743280 = 281*h. What is the greatest common divisor of 48 and h?
16
Suppose -45*s + 15*s + 4260 = 0. Calculate the highest common divisor of s and 497.
71
Let p = -52 - -59. Let o be (-49)/(-4) + p/(-28) + -4. What is the greatest common divisor of 2 and o?
2
Let n(u) = -24*u**2 + 78*u + 57. Let y be n(3). Calculate the highest common factor of 8895 and y.
15
Suppose -1 = -m + 1. Suppose 2*y - u = -0*y + 545, -3*y - m*u = -814. Let f(w) = 28*w - 358. Let i be f(14). Calculate the greatest common factor of y and i.
34
Suppose -3*s = -36 - 21. Let u be (-6)/2 + 45/9. Suppose 194 = u*v + 6*m - 2*m, 0 = 2*v + m - 191. What is the highest common factor of v and s?
19
Suppose -118*s - 25*s = -4576. What is the greatest common divisor of 2048 and s?
32
Suppose 787*z - 782*z = 45. Let r(k) = -2*k**2 - 18*k - 